85 - p. What is the tens digit of l?
3
Suppose 5*m = -0*m - 2*h - 18, 5*m = 2*h - 22. Let n(v) be the third derivative of -v**6/60 - v**5/10 - v**4/4 - v**3/3 + v**2. What is the units digit of n(m)?
4
Suppose 570*a + 26565 = 575*a + 8295. What is the units digit of a?
4
Let s = 269 + -484. Let w = s - 46. Let g = -126 - w. What is the tens digit of g?
3
Let q = 133 + 122. Suppose a + 4*u = 234, 2*a + q - 723 = 5*u. What is the tens digit of a?
3
Suppose -14071 = -5*z + 399. Let x = -1705 + z. What is the units digit of x?
9
What is the units digit of (16189 + -181)*(-2)/8*-2?
4
Let m(x) = 3*x**2 + 10*x - 1. Let i(u) = 6*u - 41. Let n = 57 + -51. Let z be i(n). What is the units digit of m(z)?
4
Let q = 1230 - 175. Let c = -294 + q. What is the hundreds digit of c?
7
Let d(f) = -25*f - 25. Suppose 7*t = 4*t + 201. Let o = t + -73. What is the hundreds digit of d(o)?
1
Let d(w) = 1901*w - 711. What is the thousands digit of d(9)?
6
Let p(y) = -2*y**3 + 115*y**2 - 99*y - 500. What is the units digit of p(49)?
6
Let b(r) be the second derivative of -r**5/4 + 7*r**4/6 + 7*r**3/2 - 2*r**2 - 117*r - 1. What is the hundreds digit of b(-5)?
8
Let m = -956 - -1125. What is the tens digit of m?
6
Let h(l) = 3*l + 3. Let f be h(4). Suppose -20*i = -19*i - 5*z + 12, 3*i - 12 = -z. Suppose -i*a + 0*a + f = 0. What is the units digit of a?
5
Let l(u) be the second derivative of u**5/20 + u**4/3 + 7*u**3/6 + u**2/2 - 882*u. Suppose 8 = x + x. What is the hundreds digit of l(x)?
1
Let h(w) = 3624*w - 970. What is the thousands digit of h(8)?
8
Let p(n) = -n**2 + 4*n + 37. Let d be p(8). Suppose d*c = -4*r + 25, -5*r = -0*r. What is the hundreds digit of 1/c + (-859)/(-20)*4?
1
Let x be (50/(-15))/((-2)/(-9)). Let j = -11 - x. Suppose -j*o + 3*o = -35. What is the units digit of o?
5
Suppose -22 = -h + 5*w, -2 + 20 = h - 4*w. Suppose -2*i + 20 = h*i + 3*k, -4*i - k = -20. Suppose 0 = i*f - 61 - 609. What is the tens digit of f?
3
What is the hundreds digit of 70/3*(15 + -4 + 79)?
1
Let y be ((-10)/8)/((-27)/(-108)). Let r(g) = -58*g + 9. What is the hundreds digit of r(y)?
2
Let a(u) be the second derivative of u**3/6 + 7*u**2/2 + 2*u. Let x be a(-5). Suppose x*n + 324 = -2*k + 5*k, n + 437 = 4*k. What is the units digit of k?
0
Let h(z) = z - 1. Let n be h(-2). Let k(g) = -7*g - 6. Let y be k(n). Suppose 2*m + 4*j = -2*m + 40, y = -m + 4*j. What is the units digit of m?
5
Suppose -18*c + 99835 = 6307. What is the thousands digit of c?
5
Let d(b) = 8525*b**2 - 12*b - 30. What is the ten thousands digit of d(2)?
3
Let b(f) = 2*f**3 - 2*f**2 - f + 3. Let s be b(1). What is the tens digit of ((-21)/9 + s)*-795?
6
Let q(i) = 468*i**2 + 130*i + 1040. What is the thousands digit of q(-9)?
7
Let u be ((-1)/1)/(2/(-2)). Suppose u = -2*y + 3, 5*h + 4*y = 2889. Let g = -405 + h. What is the tens digit of g?
7
Let n(k) be the third derivative of k**4/8 - 13*k**3/6 - 12*k**2. Let q be n(5). What is the tens digit of (q - 0)*-1 - -51?
4
Let p(w) = 2*w**3 - 59*w**2 - 5*w - 13. Let b be p(25). What is the tens digit of b/(-6) + (-5)/(-2)?
6
Suppose -7*l - 4*i + 4 = -3*l, -5*i = l + 15. Suppose 2*n - 4*o + 195 = -n, -l*n = -3*o + 314. Let g = n + 103. What is the tens digit of g?
4
Let j(b) = 7*b**2 + 24*b + 30. Let f be j(18). Suppose 63*n = 66*n - f. What is the units digit of n?
0
Let x(l) = -32*l + 21 + 50 - 107. What is the units digit of x(-5)?
4
Let l = 1585 - -1392. Suppose -2*c - 1596 = -2*v, -5*v = 2*c - 1013 - l. What is the hundreds digit of v?
7
What is the tens digit of -27*5/10*-1*12*10?
2
Let n(p) = -2*p**2 - 29*p - 19. Let j be n(-11). Suppose -j*u - 93 = -87093. What is the tens digit of u?
0
Let s(r) = 3*r**3 + 5*r + 31. Suppose -174*u = -175*u + 6. What is the hundreds digit of s(u)?
7
Let n = -239 + 241. What is the tens digit of n*(5 + 8435/14)?
1
Suppose -q - 498 = -4*q. Suppose -q = -36*a + 35*a. Suppose -4*h + 220 = -5*r, -4*h = -7*h + 4*r + a. What is the tens digit of h?
5
Let h(l) = 50*l**2 - 6*l - 456. What is the hundreds digit of h(29)?
4
What is the hundreds digit of (1 + 1 - 2492 - 2)/(21 + -23)?
2
Suppose x - 3*j = 9472, -j = 30*x - 25*x - 47408. What is the tens digit of x?
8
Suppose 141350 = 10147*b - 10125*b. What is the thousands digit of b?
6
Suppose 213*d + 366723 = 234*d. What is the units digit of d?
3
Suppose -189211 = -14*q - 17039. What is the hundreds digit of q?
2
Let q(g) be the third derivative of 3*g**4/8 - 23*g**3/3 - 47*g**2 + 2. What is the tens digit of q(7)?
1
Let n = 21530 + -19591. What is the hundreds digit of n?
9
Let h(w) = -39*w**3 - 2*w**2 - 5*w - 5. Let g be h(-2). Suppose -5*r = g - 2029. What is the units digit of r?
4
Suppose -22*y + 12*y = -3510. Let h = 53 + y. What is the tens digit of h?
0
Let g(k) = -47*k + 81. Let t be g(7). Let i = 29 - t. What is the hundreds digit of i?
2
Suppose 278*d + 67*d = 1510755. What is the tens digit of d?
7
Let w be (-5)/(-50)*-2*-5 - -2. Suppose 459 = w*a - 1011. What is the hundreds digit of a?
4
Let k(h) = -6*h**3 + 8*h**2 + 9*h - 76. What is the ten thousands digit of k(-17)?
3
Let c = 46194 + -27721. What is the units digit of c?
3
Suppose -h = 2*g, -2*h = -g + 2*g. Suppose g*l = 22*l - 18524. What is the tens digit of l?
4
Let u(k) = k**3 + 6*k**2 - 4*k - 3. Suppose 10 + 10 = 5*q, 0 = -5*w - 2*q + 128. Suppose 4*z - 8*z = w. What is the units digit of u(z)?
1
Suppose 0 = 5*k - 8*q - 19380, q + 8244 = 5*k - 11101. What is the hundreds digit of k?
8
Let r = 524 - 522. Suppose -r*j + 15*j = 6695. What is the tens digit of j?
1
Let f = -64 - -64. Suppose -v + 6*v - 5*d = 25, f = d. Suppose -v*k = -9*k + 112. What is the tens digit of k?
2
Let m = 15 + 0. Let k = 27 - m. Suppose -15*i + 270 = -k*i. What is the tens digit of i?
9
Let p(d) = -54*d - 11. Let j be p(-5). Let s = -127 + j. What is the tens digit of s?
3
Let m(i) = -13*i - 9*i - 55 - 13*i - 12. What is the tens digit of m(-6)?
4
Let j = -50 + 146. Let g(t) = -3*t + 28. Let z be g(20). Let i = j + z. What is the units digit of i?
4
Suppose -18*u + 789379 - 90457 = 0. What is the tens digit of u?
2
Suppose -s + 6640 = 3*x, -2*x + 26540 = -187*s + 191*s. What is the tens digit of s?
3
Let z(k) = -13 + 6*k - 2*k - 8*k**2 + 3 - 9*k. Let a(n) = 23*n**2 + 14*n + 30. Let p(d) = 6*a(d) + 17*z(d). What is the units digit of p(5)?
5
Let x = 143 - 143. Suppose -2*p = l - 417, x*l + l - 839 = -4*p. What is the units digit of p?
1
What is the hundreds digit of ((-77709870)/(-46))/45 - 4*1?
5
What is the tens digit of (16411 - (-10 + 18)) + 11?
1
Let b(r) be the first derivative of -8*r**2 - 25*r - 68. What is the hundreds digit of b(-12)?
1
Let i(j) = 501*j**2 - 4*j - 8. Let o be i(-3). Let t = -3154 + o. What is the tens digit of t?
5
Let o be 4/30 + (-1467)/(-135). Let n(z) = -9*z + 57. Let k be n(6). Suppose 17 = 3*f + 2*v, -2*f - o = -k*f + 2*v. What is the units digit of f?
7
Let k(i) = i**2 + 17*i - 91. Let p be k(-21). Let t(r) = -2*r**3 - 3*r**2 + 9*r + 14. What is the hundreds digit of t(p)?
4
Suppose -85770 = -2*o - 4*y, -49943 = -5*o + 4*y + 164538. What is the tens digit of o?
9
Suppose -9*k - 3446 = -10*k + 4*u, -2*u + 13658 = 4*k. What is the hundreds digit of k?
4
Let k be (-42)/(3 + 0)*-1. Suppose 10982 = -k*u + 48*u. What is the units digit of u?
3
Suppose -108 = -102*i + 99*i. What is the tens digit of (-186)/i - 1/(-6) - -39?
3
Suppose -w - h = 67, 0*w - h - 327 = 5*w. Let i be (w/75 - 2/15)*4. What is the units digit of (i - 130/(-25))/((-6)/(-315))?
3
Suppose -3*d = -3*z - 111, -d + 17 = -z - 4*d. Let k = -67 - z. What is the tens digit of (10/k - 926/(-7)) + -2?
3
Let u(q) = q**3 - 129. Let o be u(0). Suppose 0 = 3*x - 4*r - 566, 0 = 2*x - 4*r - 53 - 315. Let t = o + x. What is the tens digit of t?
6
Suppose 325*k - 354*k + 1177197 = 0. What is the units digit of k?
3
Let y be (-178)/(-5)*50/20. Suppose -49 = 4*m - y. Let b(l) = 2*l**2 - 13*l + 1. What is the units digit of b(m)?
1
Let k(q) = -4*q**3 + q**2 - 2. Let i be k(-2). Let v = 2354 + -2350. Suppose -4*t + 54 = v*p - i, -16 = -4*p. What is the tens digit of t?
1
Let z = -36 - -60. Suppose -3*a + 66 - z = 0. What is the tens digit of ((-25)/(-2) - 0)*28/a?
2
Let w = -291 + 2213. What is the tens digit of w?
2
Let n be -1 + -4 - (-18 - -2). Let 